{"id":114,"date":"2023-06-01T09:07:44","date_gmt":"2023-06-01T09:07:44","guid":{"rendered":"http:\/\/formacja.olsztyn.pl\/?page_id=114"},"modified":"2023-09-05T16:42:05","modified_gmt":"2023-09-05T16:42:05","slug":"duszpasterstwo-sluzby-liturgicznej","status":"publish","type":"page","link":"https:\/\/formacja.olsztyn.pl\/index.php\/duszpasterstwo-sluzby-liturgicznej\/","title":{"rendered":"Duszpasterstwo s\u0142u\u017cby liturgicznej"},"content":{"rendered":"\n<p><\/p>\n\n\n\n<figure class=\"wp-block-table\"><table><tbody><tr><td><strong>Adresaci &#8211; dla kogo?<\/strong><br><em>Ministranci, Ministranci S\u0142owa Bo\u017cego, Ceremoniarze, Animatorzy, Dziewcz\u0119ca S\u0142u\u017cba Maryjna, Dziewcz\u0119ca S\u0142u\u017cba S\u0142owa, Animatorki.<\/em><br><\/td><\/tr><tr><td><strong>Podstawowe informacje:<\/strong><\/td><\/tr><tr><td><em>Kursy liturgiczne skierowane s\u0105 do m\u0142odzie\u017cy zainteresowanej pog\u0142\u0119bieniem swojej wiedzy liturgicznej, a w szczeg\u00f3lno\u015bci do os\u00f3b ju\u017c pos\u0142uguj\u0105cych w parafiach.<\/em><br><\/td><\/tr><tr><td><strong>Program i organizacja:<\/strong><\/td><\/tr><tr><td><em>Kursy Ministranta S\u0142owa Bo\u017cego, Ceremoniarza oraz Dziewcz\u0119cej S\u0142u\u017cby S\u0142owa obejmuj\u0105 siedem spotka\u0144 po 3 godziny (zaj\u0119cia raz w miesi\u0105cu w soboty).<\/em> <em>Kursy rozpoczynaj\u0105 si\u0119 w pa\u017adzierniku i ko\u0144cz\u0105 egzaminem w maju.<\/em><br><br><em>Kurs Animatora I st. i Kurs Animatorki obejmuj\u0105 4 spotkania weekendowe w ci\u0105gu roku. Kursy rozpoczynaj\u0105 si\u0119 w listopadzie i ko\u0144cz\u0105 w maju.<\/em> <em>Kurs Animatora II st. obejmuje 4 spotkania sobotnie.<\/em><br><\/td><\/tr><tr><td><strong>Zapisy:<\/strong><\/td><\/tr><tr><td><em>Ch\u0119\u0107 uczestnictwa w kursach liturgicznych mo\u017cna zg\u0142asza\u0107 podczas zjazdu rozpoczynaj\u0105cego spotkania w pa\u017adzierniku.<\/em><br><br><strong>Koszty:<\/strong><br><em>Kurs Ministranta S\u0142owa Bo\u017cego i kurs Dziewcz\u0119cej S\u0142u\u017cby Maryjnej \u2013 50z\u0142<br>Kurs Ceremoniarza \u2013 50z\u0142 Kurs Animatora I st. i kurs Animatorki \u2013 300z\u0142<br>Kurs Animatora II st. \u2013 koszt uzale\u017cniony od koszt\u00f3w przeprowadzenia zaj\u0119\u0107 kursu wychowawcy kolonijnego<br><\/em><\/td><\/tr><tr><td><strong>Kontakt:<\/strong><\/td><\/tr><tr><td>e-mail:<em> slo.warmia@gmail.com<br><\/em>strona internetowa:<em> <a href=\"http:\/\/dslaw.pl\">dslaw.pl<\/a><\/em><\/td><\/tr><\/tbody><\/table><\/figure>\n","protected":false},"excerpt":{"rendered":"<p>Adresaci &#8211; dla kogo?Ministranci, Ministranci S\u0142owa Bo\u017cego, Ceremoniarze, Animatorzy, Dziewcz\u0119ca S\u0142u\u017cba Maryjna, Dziewcz\u0119ca S\u0142u\u017cba S\u0142owa, Animatorki. Podstawowe informacje: Kursy liturgiczne skierowane s\u0105 do m\u0142odzie\u017cy zainteresowanej pog\u0142\u0119bieniem swojej wiedzy liturgicznej, a w szczeg\u00f3lno\u015bci do os\u00f3b ju\u017c pos\u0142uguj\u0105cych w parafiach. Program i organizacja: Kursy Ministranta S\u0142owa Bo\u017cego, Ceremoniarza oraz Dziewcz\u0119cej S\u0142u\u017cby S\u0142owa obejmuj\u0105 siedem spotka\u0144 po 3 &#8230; <a title=\"Duszpasterstwo s\u0142u\u017cby liturgicznej\" class=\"read-more\" href=\"https:\/\/formacja.olsztyn.pl\/index.php\/duszpasterstwo-sluzby-liturgicznej\/\" aria-label=\"More on Duszpasterstwo s\u0142u\u017cby liturgicznej\">Read more<\/a><\/p>\n","protected":false},"author":3,"featured_media":0,"parent":0,"menu_order":0,"comment_status":"closed","ping_status":"closed","template":"","meta":{"footnotes":""},"_links":{"self":[{"href":"https:\/\/formacja.olsztyn.pl\/index.php\/wp-json\/wp\/v2\/pages\/114"}],"collection":[{"href":"https:\/\/formacja.olsztyn.pl\/index.php\/wp-json\/wp\/v2\/pages"}],"about":[{"href":"https:\/\/formacja.olsztyn.pl\/index.php\/wp-json\/wp\/v2\/types\/page"}],"author":[{"embeddable":true,"href":"https:\/\/formacja.olsztyn.pl\/index.php\/wp-json\/wp\/v2\/users\/3"}],"replies":[{"embeddable":true,"href":"https:\/\/formacja.olsztyn.pl\/index.php\/wp-json\/wp\/v2\/comments?post=114"}],"version-history":[{"count":5,"href":"https:\/\/formacja.olsztyn.pl\/index.php\/wp-json\/wp\/v2\/pages\/114\/revisions"}],"predecessor-version":[{"id":129,"href":"https:\/\/formacja.olsztyn.pl\/index.php\/wp-json\/wp\/v2\/pages\/114\/revisions\/129"}],"wp:attachment":[{"href":"https:\/\/formacja.olsztyn.pl\/index.php\/wp-json\/wp\/v2\/media?parent=114"}],"curies":[{"name":"wp","href":"https:\/\/api.w.org\/{rel}","templated":true}]}}

Duszpasterstwo służby liturgicznej

<p></p>



<figure class="wp-block-table"><table><tbody><tr><td><strong>Adresaci &#8211; dla kogo?</strong><br><em>Ministranci, Ministranci Słowa Bożego, Ceremoniarze, Animatorzy, Dziewczęca Służba Maryjna, Dziewczęca Służba Słowa, Animatorki.</em><br></td></tr><tr><td><strong>Podstawowe informacje:</strong></td></tr><tr><td><em>Kursy liturgiczne skierowane są do młodzieży zainteresowanej pogłębieniem swojej wiedzy liturgicznej, a w szczególności do osób już posługujących w parafiach.</em><br></td></tr><tr><td><strong>Program i organizacja:</strong></td></tr><tr><td><em>Kursy Ministranta Słowa Bożego, Ceremoniarza oraz Dziewczęcej Służby Słowa obejmują siedem spotkań po 3 godziny (zajęcia raz w miesiącu w soboty).</em> <em>Kursy rozpoczynają się w październiku i kończą egzaminem w maju.</em><br><br><em>Kurs Animatora I st. i Kurs Animatorki obejmują 4 spotkania weekendowe w ciągu roku. Kursy rozpoczynają się w listopadzie i kończą w maju.</em> <em>Kurs Animatora II st. obejmuje 4 spotkania sobotnie.</em><br></td></tr><tr><td><strong>Zapisy:</strong></td></tr><tr><td><em>Chęć uczestnictwa w kursach liturgicznych można zgłaszać podczas zjazdu rozpoczynającego spotkania w październiku.</em><br><br><strong>Koszty:</strong><br><em>Kurs Ministranta Słowa Bożego i kurs Dziewczęcej Służby Maryjnej – 50zł<br>Kurs Ceremoniarza – 50zł Kurs Animatora I st. i kurs Animatorki – 300zł<br>Kurs Animatora II st. – koszt uzależniony od kosztów przeprowadzenia zajęć kursu wychowawcy kolonijnego<br></em></td></tr><tr><td><strong>Kontakt:</strong></td></tr><tr><td>e-mail:<em> slo.warmia@gmail.com<br></em>strona internetowa:<em> <a href="http://dslaw.pl">dslaw.pl</a></em></td></tr></tbody></table></figure>

<p>Adresaci &#8211; dla kogo?Ministranci, Ministranci Słowa Bożego, Ceremoniarze, Animatorzy, Dziewczęca Służba Maryjna, Dziewczęca Służba Słowa, Animatorki. Podstawowe informacje: Kursy liturgiczne skierowane są do młodzieży zainteresowanej pogłębieniem swojej wiedzy liturgicznej, a w szczególności do osób już posługujących w parafiach. Program i organizacja: Kursy Ministranta Słowa Bożego, Ceremoniarza oraz Dziewczęcej Służby Słowa obejmują siedem spotkań po 3 &#8230; <a title="Duszpasterstwo służby liturgicznej" class="read-more" href="https://formacja.olsztyn.pl/index.php/duszpasterstwo-sluzby-liturgicznej/" aria-label="More on Duszpasterstwo służby liturgicznej">Read more</a></p>
